e the prime factors of ((-176)/w)/((-28)/12 - -2)?
2, 11
Let p(h) = -506*h**2 - h + 11. Let t be p(-3). What are the prime factors of t/(-18) + (-20)/90 + 2?
2, 127
Suppose 12*y + 7*y = 38. Suppose -26*r - y*r + 10836 = 0. List the prime factors of r.
3, 43
What are the prime factors of 1*(-13 - -3) + 26657?
26647
Let y(u) = 2197*u + 8732. What are the prime factors of y(31)?
3, 7, 3659
List the prime factors of (21/(-35))/(3/(-335260)*2).
2, 16763
Suppose -17*a - 5*n - 9960 = -22*a, 3*a - 5*n = 5968. What are the prime factors of a/40 - (-1)/10?
2, 5
Let d(u) = u**2 + 10. Let b be 380/80 + 2/8. Let h be d(b). Let g = h + 59. What are the prime factors of g?
2, 47
Let a(z) = -41*z**3 + 5*z**2 - 2*z - 2. Let h = 96 - 91. Let i(l) = 83*l**3 - 9*l**2 + 4*l + 3. Let r(u) = h*a(u) + 3*i(u). What are the prime factors of r(1)?
43
Let q(x) = -10*x**2 + 4*x - 2. Let t be q(1). Let r be 250/(t/(-20) - 0). Suppose -7*b + r = -2*b. What are the prime factors of b?
5
Let n(b) = -b**3 + b**2 + b - 2. Let v(r) = -4*r**3 + 10*r**2 + 8*r - 11. Let p(o) = 5*n(o) - v(o). What are the prime factors of p(-7)?
2, 3, 5
Suppose 53*a - 256*a + 2322713 + 8183958 = 0. What are the prime factors of a?
73, 709
Suppose 29*k - 22*k - 37968 = 0. Suppose -39*o + k = -23*o. What are the prime factors of o?
3, 113
Suppose 52*j - 394059 = -17*j. List the prime factors of j.
5711
Let u be ((-112)/42)/((-16)/6) - 7. Let c(y) be the third derivative of -5*y**4/8 - 29*y**3/6 + y**2. List the prime factors of c(u).
61
Let g(z) be the first derivative of -z**4/4 + 16*z**3/3 + 6*z**2 + 10*z - 22. What are the prime factors of g(6)?
2, 13, 17
Let f = 29 - 24. Let a(g) = 13 + 7 + 7 - g**3 + 33*g - 15 - f*g**2. List the prime factors of a(-10).
2, 7, 13
Let n(p) = 3*p + 2. Let b be n(0). Suppose 2 + 4 = x + 5*h, x + b*h = 21. Suppose -3*w - 112 = -4*q, -q - 3 = w - x. What are the prime factors of q?
2, 7
Suppose b - 10503 = 2*c, 5*c + 10067 = 2*b - 16191. What are the prime factors of (-1*1)/(13/c)?
2, 101
Suppose -3*d = -5*w - 73464, -4*w = 6*d - 94293 - 52719. List the prime factors of d.
2, 3, 1361
Let s = 17 - 13. Suppose -c + 2*y - 10 + 5 = 0, 0 = -3*c + y. List the prime factors of s + 171 + c/((-1)/(-4)).
179
Let r(v) be the third derivative of -5/3*v**3 + 0*v + 1/120*v**6 + 0 - 6*v**2 + 3/20*v**5 - 1/8*v**4. List the prime factors of r(-8).
2, 3, 13
Let u = 1033 + 151. Let t = u - 626. What are the prime factors of t?
2, 3, 31
Suppose 1184 = -13*n + 9*n. Let b = 22 - n. List the prime factors of b.
2, 3, 53
Suppose 2*t + 14 = 0, 147*t - 1296 = -4*p + 151*t. What are the prime factors of p?
317
List the prime factors of 106/((-8)/(-58192)*18) + (-4)/(-18).
2, 10709
Suppose 7748577 = 328*v + 5*v. What are the prime factors of v?
23269
Let w = -25 + 38. Suppose -8*y - 138 = -w*y - k, 4*y - k = 105. List the prime factors of y.
3
Let m be (-9)/4 + 2 - 636/16. List the prime factors of 16/m - 9536/(-40).
2, 7, 17
Let o(q) = 2*q**2 - q + 945. Suppose -10 = -i + 5*p, 8 = 2*i + 2*i - 4*p. List the prime factors of o(i).
3, 5, 7
Let o(g) be the first derivative of -g**2 - 4*g + 16. Let q be o(-2). Suppose -4*a - 3*f + 228 = q, 2*a + 2*f - 5*f = 114. List the prime factors of a.
3, 19
Let o = -56 + 54. Let p be 45/27 - o/6. Suppose -2*u - p*z = -424, -2*u + 3*u + 3*z = 212. List the prime factors of u.
2, 53
Suppose 4*d = 4*u + 214944, 53742 = 509*d - 508*d + u. List the prime factors of d.
3, 7, 853
Suppose 6*m - 4 = 4*m. Let i(s) = -21*s**2 + 28*s**m + 10*s**2 + s**3 + 26 + 19*s. List the prime factors of i(-15).
191
Suppose 3048 = -2*i + 14*i. Suppose i*p - 248*p - 4590 = 0. List the prime factors of p.
3, 5, 17
Let y(q) = -2*q**3 - 9*q**2 + 5*q - 10. Let k be y(-7). Suppose 90*n - 92*n = -k. List the prime factors of n.
2, 5
Let k(a) = -139 + 17*a + 28*a**2 - 54*a - a**3 + 17*a**2 - 14*a + 12*a. List the prime factors of k(44).
3
Let r = 194 - -483. Let a = r - 451. List the prime factors of a.
2, 113
Suppose -33*w - 50420 = -4*s - 34*w, 3*s = -2*w + 37815. List the prime factors of s.
5, 2521
Suppose 3 = -21*t + 45. What are the prime factors of ((-48)/40)/(t/(-1535))?
3, 307
Let i be 2*2 - (-60 + 57). Suppose -3475 - 95 = -i*y. What are the prime factors of y?
2, 3, 5, 17
Let b = -52 + -19. Let w = -72 - b. What are the prime factors of w + 4 - (-93)/1?
2, 3
Let a be (-6)/(-21) - (-235)/35. Let s(b) = b**2 - 2*b. Let v be s(a). What are the prime factors of v/(7 - 14)*(-256)/10?
2
Let c(x) = 416*x - 1376. What are the prime factors of c(24)?
2, 269
Let l(v) = 4317*v**2 - 187*v - 573. What are the prime factors of l(-3)?
3, 11, 107
Suppose 27224 = 19*m - 42284 + 15092. List the prime factors of m.
2, 179
Let l(k) = 110*k**2 - 10*k + 134. What are the prime factors of l(9)?
2, 11, 37
Let i(a) be the second derivative of 16*a**3 + 363*a**2/2 - 75*a. List the prime factors of i(9).
3, 409
Let f = 287 - 283. List the prime factors of 10/f*(-16032)/(-80).
3, 167
Let k be 2/(-18)*-6 - 141/9. Let p(c) = -c**3 - 14*c**2 + 14*c - 15. Let q be p(k). Suppose 0*r + 3*r - 264 = q. What are the prime factors of r?
2, 11
Let p(u) = -u**3 + 75*u**2 - 122*u + 49. List the prime factors of p(72).
17, 401
Suppose 269*l - 4*i + 83092 = 273*l, 4*l - 83085 = -5*i. List the prime factors of l.
2, 5, 1039
Let y = 129 + -133. Let x be (y/(-10))/(4/(-160)). List the prime factors of (86/x*2)/((-11)/44).
43
Let u(w) = -w**3 - 23*w**2 + 207*w + 70. List the prime factors of u(-37).
3, 17, 227
List the prime factors of 3 + 10 + 131992/7.
18869
Suppose -4*h - 269 = 3*s, 0 = -s - h - 30 - 61. Let l = s + 101. Let z(b) = 28*b - 28. What are the prime factors of z(l)?
2, 5, 7
Suppose 0*s + s + 4*k = -5, 0 = -4*s + k + 48. Let g(u) = -10*u**2 + 4238*u**3 + 5*u - 4237*u**3 - 10 - 5. What are the prime factors of g(s)?
7, 23
Suppose 295*g + 599200 = 335*g. List the prime factors of g.
2, 5, 7, 107
Let b(q) be the second derivative of 11/6*q**3 + 0 - 21*q - 19/2*q**2. List the prime factors of b(5).
2, 3
Suppose -3*s + 210450 = -2*l, -3*s + 131353 + 79079 = -4*l. List the prime factors of s.
2, 17539
Suppose 75 = -4*w + 2*p - 189, 0 = -w - 2*p - 56. Let k = w - -65. Let m(f) = 82*f + 4. List the prime factors of m(k).
2, 43
What are the prime factors of 62440/6*1/(-24)*-18?
5, 7, 223
Suppose 8*j = 64*j - 139216. List the prime factors of j.
2, 11, 113
Let j be 176/(-154)*(-14)/4. Suppose v - 2716 = -j*g - 739, 5*g = 5*v + 2465. List the prime factors of g.
2, 13, 19
Let w(g) = 4*g**2 - 2*g + 1. Let k be w(0). Let z(y) = 6*y**3 - 3*y**2 + 6*y - 2. List the prime factors of z(k).
7
Let g(h) = 10*h**2 - 18*h + 59. Let j be g(8). What are the prime factors of j + (12/14)/(3/(-21))?
3, 61
Suppose -118*y + 18*y + 3019300 = 0. List the prime factors of y.
109, 277
Suppose -4*n = -4*z + 21360, -2*n - 15250 = -5*z + 11447. List the prime factors of z.
19, 281
Suppose 8*i = -4*i + 120. Let n = -7 + i. Suppose 5*q - 5*z - 855 = 0, n*q - 8*z = -3*z + 507. What are the prime factors of q?
2, 3, 29
Let y(b) = 2*b**2 - 22*b - 4. Let u be y(15). Suppose 2*g = -4*r + u, -64 + 314 = 4*g + 2*r. Let d = g + -23. What are the prime factors of d?
41
Suppose -4*v + 10 = -h, -2*v + 9 = 4*h - 5. Let s(m) = 9*m**2 + 8*m + 10. What are the prime factors of s(v)?
5, 23
Suppose -g + 5*s = -4825, 341*g + 5*s = 338*g + 14595. What are the prime factors of g?
5, 971
Let k be -8*(6 + 195/(-12)). What are the prime factors of (-168)/10*(-615)/k?
2, 3, 7
Suppose -i + 8357 = 5*r, -i - 16*r + 21*r + 8357 = 0. What are the prime factors of i?
61, 137
Let f(h) be the third derivative of -h**6/60 + 2*h**5/5 + h**4/3 + 43*h**3/6 + h**2 - 1. List the prime factors of f(12).
139
Suppose 0 = 32*n - 37*n + 25. Suppose -3*q = n*d - 2884, -5*q - 1744 = 2*d - 5*d. What are the prime factors of d?
2, 17
Let s(c) = c + 10. Let i be s(-5). Suppose -2*z - 1860 = -i*z. Suppose 2*a + 3*a + z = 5*b, -b + 3*a = -116. List the prime factors of b.
2
Let w = -561 + 573. Suppose 0 = w*b + 1755 - 7359. List the prime factors of b.
467
Let x(y) be the second derivative of 0 + 14*y - 7/12*y**4 - 5/2*y**2 - 2/3*y**3 - 1/20*y**5. What are the prime factors of x(-7)?
23
Let b(l) = l**3 - 4*l**2 - 11*l + 8. Let j be b(6). Suppose -j*h = 3*h - 6018. List the prime factors of h.
2, 